ase 11, what is -4566 - -22a?
-4337
In base 9, what is 764 + -226?
537
In base 3, what is 112122200 - -2?
112122202
In base 11, what is 4 + 2328?
2331
In base 16, what is 3 - 10f49?
-10f46
In base 5, what is 0 - -31241?
31241
In base 9, what is -22030 + 54?
-21865
In base 14, what is 4da4 + -4?
4da0
In base 3, what is 220011222122 - -10?
220011222202
In base 7, what is 3 + 62211?
62214
In base 5, what is 23123 - 102144?
-24021
In base 8, what is 2630 + -20?
2610
In base 12, what is 4a376 - -1?
4a377
In base 13, what is -a2b20 + -4?
-a2b24
In base 10, what is 766183 - -3?
766186
In base 12, what is 2 + -4824?
-4822
In base 3, what is 1020101 - 20002212?
-11212111
In base 3, what is 111022 + -11012002?
-10200210
In base 4, what is 10 - -10033011031?
10033011101
In base 10, what is 18684 - -7?
18691
In base 5, what is -224423 - 3?
-224431
In base 4, what is 0 - 122201021?
-122201021
In base 10, what is -120146 + 3?
-120143
In base 6, what is -5 + -145223?
-145232
In base 4, what is 1110320 + 11?
1110331
In base 7, what is -1322064 + 0?
-1322064
In base 16, what is b0 - 10?
a0
In base 5, what is 304 + -132430?
-132121
In base 5, what is 10 - 1103004?
-1102444
In base 10, what is 586410 - -5?
586415
In base 12, what is 10 + -3870?
-3860
In base 7, what is 201 + -4261?
-4060
In base 11, what is -2 + 828a?
8288
In base 9, what is 23863 + 86?
24060
In base 12, what is -82 - 1639?
-16bb
In base 4, what is -13 + -130330100?
-130330113
In base 2, what is 111001 - 11110011010000?
-11110010010111
In base 3, what is 2212110020 - 111?
2212102202
In base 10, what is 8193 + 5?
8198
In base 3, what is 112121222 + -202?
112121020
In base 2, what is 0 - -11001111010010?
11001111010010
In base 11, what is 2528 + -552?
1a86
In base 15, what is -26cbd - -6?
-26cb7
In base 11, what is 28293a + 0?
28293a
In base 4, what is 2213 + -1020?
1133
In base 14, what is 78b0 - 13?
789b
In base 2, what is -101001001111 - -10?
-101001001101
In base 13, what is 228 - -137?
362
In base 9, what is -2 + -21570?
-21572
In base 2, what is -11001000100001000 - 100?
-11001000100001100
In base 2, what is -111010010110011110 + -1?
-111010010110011111
In base 6, what is -322034 + -13?
-322051
In base 4, what is -223 - -212120?
211231
In base 3, what is 1210112 - -22011?
2002200
In base 7, what is 3456 - -2302?
6061
In base 14, what is 2 + 740cc?
740d0
In base 8, what is 3 - 24746?
-24743
In base 13, what is 9 + 264195?
2641a1
In base 3, what is 2202122 + 2111001?
12020200
In base 14, what is 2c33 - 5?
2c2c
In base 5, what is -2311323111 - 1?
-2311323112
In base 5, what is 40 - 113341?
-113301
In base 4, what is -113 - 32030?
-32203
In base 13, what is -13b + -4?
-142
In base 16, what is 29 - -1af3f?
1af68
In base 2, what is -1100111 - -1000?
-1011111
In base 7, what is -2352410 + -5?
-2352415
In base 16, what is 2506 - 23?
24e3
In base 11, what is 8 - 1012?
-1005
In base 15, what is -28e96 + 5?
-28e91
In base 9, what is 3 - 42076?
-42073
In base 5, what is -11232 + -111?
-11343
In base 12, what is -4 - -286b45?
286b41
In base 16, what is 4 - -61db?
61df
In base 10, what is -4 + -148493?
-148497
In base 4, what is -3123231 - -1020?
-3122211
In base 16, what is -1 - dd7?
-dd8
In base 14, what is 80c + 8d?
89b
In base 12, what is -7a63 - -100?
-7963
In base 15, what is -4 - 1689a?
-1689e
In base 12, what is -876a4 - 14?
-876b8
In base 6, what is 203502 - -3?
203505
In base 11, what is -819 + 56?
-773
In base 8, what is 1772 - -76?
2070
In base 7, what is 2 - -35461?
35463
In base 13, what is 22b3 + 2?
22b5
In base 15, what is -d + -5cc3?
-5cd1
In base 5, what is 1 + -234324?
-234323
In base 3, what is 102111202 - 20201?
102021001
In base 14, what is 47 - b8?
-71
In base 5, what is -220 - 2114?
-2334
In base 12, what is -26aa - 159?
-2847
In base 12, what is 17 - 4aa?
-493
In base 5, what is -141 + 243023?
242332
In base 3, what is 111201201010 + 0?
111201201010
In base 16, what is 5c + -3a5f?
-3a03
In base 11, what is -4 + 40097?
40093
In base 14, what is 0 - 1a33a?
-1a33a
In base 3, what is 12 + -1121120000120?
-1121120000101
In base 4, what is -311000 + 220?
-310120
In base 3, what is 21200112 + 222?
21201111
In base 13, what is -531a9 + -18?
-531c4
In base 6, what is -33 + -2013514?
-2013551
In base 13, what is -c5 + -440?
-535
In base 9, what is 3484 - 1?
3483
In base 2, what is -10101001 - -10001001100?
1110100011
In base 15, what is -7 + -46300?
-46307
In base 8, what is -132 - 73540?
-73672
In base 7, what is 4620 + -10?
4610
In base 16, what is f5 - -3?
f8
In base 3, what is -22010021010 - 11?
-22010021021
In base 12, what is 837 - a?
829
In base 14, what is -7b - 5a7?
-644
In base 8, what is 4 - 2172350?
-2172344
In base 3, what is -1020010212121 + -10?
-1020010212201
In base 6, what is -4434 + 320?
-4114
In base 13, what is 63577 - 2?
63575
In base 5, what is -30341 + -2041?
-32432
In base 3, what is 122000 - -212?
122212
In base 10, what is -4 + 89311?
89307
In base 10, what is 5 + 685840?
685845
In base 4, what is 103 + 332312?
333021
In base 4, what is 130201033231 - -11?
130201033302
In base 15, what is 0 - 10228?
-10228
In base 7, what is 2652413 + 3?
2652416
In base 11, what is -1a81 - -4?
-1a78
In base 14, what is -2 + 238d6?
238d4
In base 3, what is 10101221 - 1022011?
2002210
In base 3, what is 11121211021 - 12?
11121211002
In base 7, what is 4 + -5114635?
-5114631
In base 11, what is 2881 + -17?
2865
In base 8, what is -30076522 + -1?
-30076523
In base 9, what is -564 + 21826?
21252
In base 13, what is 1b2b17 - -5?
1b2b1c
In base 3, what is -2211 + -102000122?
-102010110
In base 12, what is -2 + -18b408?
-18b40a
In base 14, what is bd + 3c8?
4a7
In base 9, what is 6655 - -17?
6673
In base 6, what is -12 + -315532?
-315544
In base 16, what is -836 - -7?
-82f
In base 14, what is 5 + -1c884?
-1c87d
In base 2, what is -1011011000001011 - 0?
-1011011000001011
In base 5, what is 2004432 - -1?
2004433
In base 16, what is -5 - -928?
923
In base 15, what is 7c32 + -1?
7c31
In base 12, what is -12 - -25160?
2514a
In base 10, what is 347209 + 0?
347209
In base 7, what is -35445 + 3?
-35442
In base 6, what is 41045 - -40?
41125
In base 10, what is 21 - 285?
-264
In base 14, what is -13bad - -70?
-13b3d
In base 12, what is -28b + -815b?
-842a
In base 5, what is 34 - 10041314?
-10041230
In base 10, what is -52 - -21027?
20975
In base 7, what is -24463564 - -1?
-24463563
In base 15, what is -16 + 10e3?
10cc
In base 6, what is 3531 + 1203?
5134
In base 15, what is -303 + -80?
-383
In base 3, what is 12 - 1210202?
-1210120
In base 11, what is -97 - -28a?
1a3
In base 2, what is -101010000111101011 - 101?
-101010000111110000
In base 14, what is -537 - -41?
-4d6
In base 14, what is -1 + -59016?
-59017
In base 2, what is 11 - -1111001110110100?
1111001110110111
In base 7, what is -1 - 404362?
-404363
In base 13, what is -1c03c - 1?
-1c040
In base 14, what is a06 - -76?
a7c
In base 11, what is -8 + -364?
-371
In base 14, what is 2acb5 - 0?
2acb5
In base 7, what is 154 + 151?
335
In base 4, what is 31 - -20231?
20322
In base 16, what is 23 + -160?
-13d
In base 6, what is 54211530 - -3?
54211533
In base 6, what is 211 + -1545335?
-1545124
In base 6, what is 304 + -2552?
-2244
In base 2, what is 110111 + -101000001?
-100001010
In base 7, what is -1532 + 120?
-1412
In base 14, what is 92 + -b11?
-a5d
In base 12, what is 39 + -1aaa9?
-1aa70
In base 6, what is -1031022 + -1?
-1031023
In base 15, what is -1c1 + -192?
-363
In base 3, what is -10 - 11201211122?
-11201211202
In base 7, what is -110 - 102030?
-102140
In base 13, what is 4a + -53c?
-4c2
In base 9, what is 36 + 26801?
26837
In base 13, what is 319 + 2172?
248b
In base 9, what is 210 + 53?
263
In base 4, what is -3 - 113023232?
-113023301
In base 2, what is -1100101001 + 10001001?
-1010100000
In base 2, what is -1000 - -10100001110000?
10100001101000
In base 3, what is -11 + 110000110201?
110000110120
In base 5, what is -23313304 - 32?
-23313341
In base 7, what is 231 + -244?
-13
In base 8, what is -100411 - 3?
-100414
In base 9, what is -15 + -54064?
-54080
In base 9, what is 21 + 1258?
1280
In base 2, what is -101010110 + 110100?
-100100010
In base 7, what is -2326 + -62?
-2421
In base 15, what is -82701 + -3?
-82704
In base 8, what i